11. Determine g(-3).
-37
Let f(w) = 7*w**3 - 14*w**2 - 8*w + 20. What is f(3)?
59
Let w(b) = 2*b**2 + 5*b - 60. Give w(10).
190
Let c(a) = -19*a + 661. What is c(34)?
15
Let p(j) = -189*j + 3045. Calculate p(16).
21
Let l(h) = -h**3 - 64*h**2 - 94*h - 1954. Determine l(-63).
-1
Let d(y) = -15*y - 173. What is d(-10)?
-23
Let d(t) = 136*t - 688. What is d(5)?
-8
Let z(b) = b**3 + 5*b**2 - 7*b - 15. What is z(-6)?
-9
Let h(a) = a**3 + 16*a**2 + 18*a + 509. Calculate h(-17).
-86
Let w(d) = d**2 - 69*d - 49. Give w(70).
21
Let n(p) = -p**3 - 11*p**2 + 21*p - 82. Determine n(-13).
-17
Let l(z) = -5*z**2 + 11*z + 12. Determine l(-10).
-598
Let v(j) = j**3 + 4*j**2 - 439*j + 13. What is v(19)?
-25
Let w(b) = b**3 + 57*b**2 + 536*b - 81. Give w(-12).
-33
Let o(k) = -8*k**2 + 84*k - 80. Determine o(1).
-4
Let z(d) = -d**3 - 19*d**2 - 10*d - 605. Determine z(-20).
-5
Let p(y) = y**3 - 45*y**2 - 44*y - 103. What is p(46)?
-11
Let s(p) = 12*p - 96. Calculate s(6).
-24
Let z(i) = 157*i - 1246. Give z(4).
-618
Let l(k) = -k**3 - 5*k**2 + 8*k - 24. What is l(5)?
-234
Let f(y) = -32*y + 440. Give f(13).
24
Let j(w) = 67*w + 32. What is j(0)?
32
Let n(f) = 39*f - 164. Calculate n(6).
70
Let s(p) = -16*p - 361. What is s(-35)?
199
Let j(a) = a**2 - 26*a - 234. Give j(-11).
173
Let t(d) = 139*d - 19605. Determine t(141).
-6
Let m(y) = -5*y - 344. Determine m(-66).
-14
Let y(z) = -25*z + 232. Calculate y(20).
-268
Let y(a) = -a**2 + 12*a + 236. Determine y(0).
236
Let l(h) = -741*h - 1487. Determine l(-2).
-5
Let v(l) = -87*l**3 + 350*l**2 - 8*l - 1. Calculate v(4).
-1
Let u(s) = -31*s**2 + 198*s - 209. Determine u(5).
6
Let k(a) = -4*a - 100. What is k(-27)?
8
Let q(o) = -2*o**2 + 3656*o - 18226. What is q(5)?
4
Let f(p) = 2*p**2 + 2*p - 594. Give f(17).
18
Let j(c) = -13*c - 18. What is j(-6)?
60
Let w(c) = 256*c**2 + 7*c + 6. Give w(-1).
255
Let t(c) = c**3 - 13*c**2 + 14*c - 20. Give t(11).
-108
Let k(o) = o**2 + o - 1402. Give k(-38).
4
Let j(w) = -w**3 - w**2 + 33*w - 1. Give j(-6).
-19
Let r(b) = -b**2 - 2036*b - 26332. Determine r(-13).
-33
Let j(m) = -4*m**2 - 223*m - 223. Determine j(-1).
-4
Let k(q) = 6*q**2 + 3*q + 7. What is k(-1)?
10
Let k(z) = z**3 + 20*z**2 - 94*z + 37. Calculate k(-24).
-11
Let v(x) = -x**3 + 66*x**2 + 183*x + 6785. Calculate v(70).
-5
Let a(g) = -105*g - 512. What is a(-5)?
13
Let i(h) = -7*h**2 + 239*h - 1016. Calculate i(5).
4
Let k(c) = -c**3 + 17*c**2 - 18*c + 16. What is k(16)?
-16
Let q(n) = n**2 - 113*n + 1418. Give q(14).
32
Let m(k) = -1585*k - 142644. What is m(-90)?
6
Let a(f) = f**3 + 39*f**2 + 214*f + 8349. Determine a(-39).
3
Let m(s) = -s**3 - 22*s**2 + 458*s - 1663. What is m(-36)?
-7
Let l(h) = 61*h + 9505. Calculate l(-156).
-11
Let q(n) = -26*n - 143. What is q(10)?
-403
Let l(i) = -i**3 - 7*i**2 + 14*i + 174. Determine l(-6).
54
Let h(q) = -q**3 - 8*q**2 + 82*q - 69. Give h(5).
16
Let n(a) = 66*a + 1321. Give n(-21).
-65
Let i(n) = 2*n**2 + 104*n + 1190. Give i(-35).
0
Let c(f) = f**3 - 8*f**2 - 7*f + 124. Calculate c(6).
10
Let h(l) = -3*l**2 + 6*l + 427. Give h(-11).
-2
Let t(o) = 3*o**3 + 174*o**2 - 550*o - 36. What is t(-61)?
25
Let b(y) = 129*y + 10691. Determine b(-83).
-16
Let f(n) = -n**3 - 51*n**2 + 532*n + 44. Give f(9).
-28
Let u(l) = -2*l**2 + 55*l + 504. Determine u(-7).
21
Let i(k) = -102*k + 2993. Calculate i(24).
545
Let y(p) = p**3 - 19*p**2 - 44*p + 510. Give y(20).
30
Let l(d) = 9*d**2 + 135*d - 133. Calculate l(-16).
11
Let u(y) = -2*y**2 + 37*y + 75. Determine u(-2).
-7
Let n(q) = -6*q - 246. Give n(-50).
54
Let d(k) = -k**2 + 20*k + 1482. What is d(-31)?
-99
Let d(z) = 20*z**2 + 4*z - 3. Calculate d(1).
21
Let h(a) = 96*a + 1424. Give h(-21).
-592
Let y(u) = u**2 - 167*u - 1225. Determine y(-7).
-7
Let t(a) = -5*a + 412. Determine t(84).
-8
Let h(a) = 247*a + 43966. What is h(-178)?
0
Let v(n) = -3*n**3 - 107*n**2 - 73*n + 41. Determine v(-35).
146
Let d(v) = -80*v - 1300. What is d(-26)?
780
Let l(t) = -t**3 - 16*t**2 + 3*t - 25. What is l(-16)?
-73
Let f(c) = 265*c - 311. What is f(1)?
-46
Let o(t) = -3*t**2 - 63*t + 62. Determine o(-23).
-76
Let n(a) = -355*a + 22013. Calculate n(62).
3
Let q(j) = 2*j**2 - 208*j + 2149. Calculate q(12).
-59
Let z(y) = -6*y**2 - 10*y + 63. Give z(7).
-301
Let l(n) = n**3 - 32*n**2 - 271*n - 109. Determine l(39).
-31
Let f(w) = -4*w**2 + 44*w + 148. Give f(-3).
-20
Let n(x) = -164*x + 173. What is n(1)?
9
Let k(g) = 2*g**2 - 38*g + 175. Give k(10).
-5
Let i(k) = 37*k - 404. Give i(9).
-71
Let b(d) = d**3 - 2*d**2 + d + 88. Give b(0).
88
Let m(v) = 84*v + 3780. What is m(-45)?
0
Let v(s) = -30*s + 1031. Calculate v(33).
41
Let c(n) = -12*n + 830. What is c(64)?
62
Let v(i) = i**2 - 85*i + 1502. What is v(64)?
158
Let p(f) = -8*f + 120. What is p(54)?
-312
Let r(q) = q**3 - 26*q**2 + 90*q - 1098. Determine r(24).
-90
Let r(h) = -h**3 + 211*h + 211. What is r(-1)?
1
Let a(t) = -t**2 - 11392*t + 68382. Calculate a(6).
-6
Let u(q) = -275*q + 3477. Determine u(13).
-98
Let j(s) = -s**2 - 20*s + 311. Give j(11).
-30
Let y(t) = t**2 + 49*t - 145. Calculate y(-23).
-743
Let t(h) = -2*h**2 - h + 143. Determine t(-8).
23
Let j(k) = 370*k - 9253. What is j(25)?
-3
Let w(b) = -2*b**3 - 21*b**2 - 42*b - 113. Calculate w(-9).
22
Let y(m) = -986*m + 29576. Determine y(30).
-4
Let p(c) = -4*c**3 + 18*c**2 + 17*c + 1. Determine p(4).
101
Let y(s) = s**2 + 86*s + 1361. Give y(-22).
-47
Let g(h) = 597*h - 5968. Give g(10).
2
Let g(n) = -20*n**3 - 114*n**2 - 71*n - 13. What is g(-5)?
-8
Let p(j) = 2*j**2 + 27*j - 118. Determine p(-15).
-73
Let n(r) = -r**3 - 54*r**2 - 48*r + 161. Determine n(-53).
-104
Let w(x) = -x**3 - 25*x**2 - 48. Determine w(-25).
-48
Let p(q) = 30*q**3 - 118*q**2 - 13*q + 20. What is p(4)?
0
Let j(g) = -g**3 + 19*g**2 - 12*g + 689. What is j(20)?
49
Let z(w) = -2*w**3 - 6*w**2 + 30*w + 68. Determine z(-6).
104
Let f(o) = -o**3 + 5*o**2 + 26*o - 9. Determine f(8).
7
Let q(z) = 93*z - 2892. Calculate q(32).
84
Let y(h) = 12*h**2 - 3*h + 3. Determine y(4).
183
Let x(r) = -r**3 - 19*r**2 + 50*r + 631. What is x(-20)?
31
Let p(h) = -h**3 - 69*h**2 - 773*h - 161. Calculate p(-55).
4
Let j(h) = -37*h - 5956. Determine j(-161).
1
Let i(g) = -g**3 - 7*g**2 + 277*g - 31. What is i(13)?
190
Let b(o) = 138*o - 3038. What is b(22)?
-2
Let d(s) = -4*s**2 - 81*s - 332. What is d(-15)?
-17
Let t(z) = -z**3 - 32*z**2 + 521*z + 2071. Determine t(-43).
7
Let h(d) = 66*d - 1189. Calculate h(18).
-1
Let w(p) = 3*p**3 + 6*p**2 - 16*p - 3. What is w(4)?
221
Let q(f) = 139*f**3 + f**2 + 7*f - 8. Calculate q(1).
139
Let o(f) = -61*f - 8414. Give o(-137).
-57
Let m(l) = -4*l**2 + 22*l + 28. Determine m(14).
-448
Let a(m) = -2315*m - 11592. What is a(-5)?
-17
Let u(x) = 2*x**2 + 145*x - 607. Give u(4).
5
Let w(i) = i**3 + 2*i**2 - 8. Determine w(0).
-8
Let v(b) = 53*b - 9028. Calculate v(170).
-18
Let v(x) = -18*x + 32. Calculate v(5).
-58
Let t(w) = -2*w**2 + 570*w - 3350. What is t(6)?
-2
Let y(q) = -q**3 + 3*q**2 + 12*q + 1. Calculate y(3).
37
Let b(z) = z**3 + 10*z**2 - 100*z + 14. What is b(-16)?
78
Let d(g) = g**3 - 15*g**2 + 6*g + 90. Give d(14).
-22
Let c(u) = -2*u**3 + 438*u**2 - 6122*u + 408. Give c(204).
0
Let w(l) = -2*l**3 - 6*l**2 - 3*l + 3. Calculate w(-3).
12
Let g(p) = -p**2 + 20*p + 30. Give g(25).
-95
Let c(l) = 530*l - 21725. Calculate c(41).
5
Let z(i) = -1633*i - 4768. What is z(-3)?
131
Let s(j) = 135*j + 923. Calculate s(-7).
-22
Let o(l) = -20*l**2 - 404*l - 272. Give o(-20).
-192
Let n(j) = 3*j**2 + 11*j + 12. What is n(-12)?
312
Let i(c) = -48*c - 493. Calculate i(-10).
-13
Let m(b) = -b**3 - 2*b**2 - 56*b - 191. What is m(-4)?
65
Let d(p) = -719*p - 21568. What is d(-30)?
2
Let y(b) = 424*b - 13122. What is y(31)?
22
Let s(q) = 154*q - 40. Calculate s(-2).
-348
Let u(l) = -2*l**3 + 146*l**2 + 3063*l + 17. Give u(-17).
-34
Let t(f) = 2*f**3 - 398*f**2 - 391*f - 1759. Determine t(200).
41
Let d(i) = 9*i**3 + 940*i**2 + 425*i + 931. Give d(-104).
-5
Let w(j) = -47*j + 1484. Calculate w(32).
-20
Let y(k) = -k**2 + 4*k + 23. Calculate y(8).
-9
Let z(a) = a**3 + 5*a**2 - 138*a - 215. Calculate z(-14).
-47
Let k(s) = -s**2 + 7226*s + 36156. Give k(-5).
1
Let n(l) = 32*l + 172. Give n(-5).
12
Let w(c) = 61*c + 2070. Give w(-34).
-4
Let l(j) = -15*j - 90